{"id":2,"date":"2022-02-06T15:56:30","date_gmt":"2022-02-06T15:56:30","guid":{"rendered":"https:\/\/stadtidee.at\/?page_id=2"},"modified":"2022-03-27T15:24:19","modified_gmt":"2022-03-27T15:24:19","slug":"sample-page","status":"publish","type":"page","link":"https:\/\/stadtidee.at\/","title":{"rendered":"\u00dcber Uns"},"content":{"rendered":"\n<p class=\"has-text-align-center\"><em>Leben in der Stadt hei\u00dft wach sein und genie\u00dfen. Graz ist Urbanit\u00e4t im \u00fcberschaubaren Rahmen.<\/em><br><em>Hier ist Stadt erlebbar. Leben findet Stadt.<\/em><\/p>\n\n\n\n<p class=\"has-text-align-left\"><strong>Die Grazer Stadtidee<\/strong>&nbsp;ist ein Think Tank, der sich zum Ziel gesetzt hat, die laufende Weiterentwicklung des urbanen Gro\u00dfraums Graz aktiv zu gestalten. Die Denkplattform steht dabei allen Grazer B\u00fcrgerinnen und B\u00fcrgern offen, die sich in konstruktiver Weise in die Gestaltung ihrer Heimatstadt einbringen wollen. Die Grazer Stadtidee blickt dabei auf eine lange Tradition zur\u00fcck. Bereits im Jahr 1988 wurde sie vom damaligen Grazer Vizeb\u00fcrgermeister Erich Edegger gegr\u00fcndet, der sich auch als gro\u00dfer Ver\u00e4nderer und Vision\u00e4r in den Grazer Geschichtsb\u00fcchern verewigt hat. Zu ihren Hochzeiten waren \u00fcber 500 Mitglieder in 12 Arbeitskreisen im Rahmen der Stadtidee engagiert. Im Mai 2020 wurde ein neuer Zyklus an Arbeitskreisen eingel\u00e4utet.<\/p>\n\n\n\n<p>Die Grazer Stadtidee m\u00f6chte Lust machen, in der Stadt zu leben, die Vorz\u00fcge des Lebens in der Stadt bewusst zu genie\u00dfen, Entwicklungen mit wachen Sinnen begleiten und zu verst\u00e4rken.<br>\u00dcber die Zukunft der Stadt im Gespr\u00e4ch sein, Positives und Spannendes entwickeln.<\/p>\n\n\n\n<p><strong>Die Grazer Stadtidee ist:<\/strong><\/p>\n\n\n\n<p>\u2013 ein Ideenpool und eine Denkwerkstatt f\u00fcr Graz.<br>\u2013 ein aktives herangehen an Grazer Stadt \u2013Themen.<br>\u2013 kritisch wo Kritik angebracht ist.<br>\u2013 kreatives Anders-Machen.<br>\u2013 unkonventionell, unbequem und unabh\u00e4ngig.<\/p>\n\n\n\n<p><\/p>\n\n\n\n<p><strong>Denkwerkstatt<\/strong><\/p>\n\n\n\n<p>Wie sieht das Graz der Zukunft aus? Wir arbeiten an Ideen und L\u00f6sungen, um unsere Stadt noch besser und lebenswerter zu machen.<\/p>\n\n\n\n<p><a href=\"http:\/\/www.stadtidee.at\/project\/project-nr-2\/\"><\/a><\/p>\n\n\n\n<p><strong>Projekte<\/strong><\/p>\n\n\n\n<p>Die Stadtidee ist mehr als eine reine Denkwerkstatt. Zahlreiche Projekte wurden und werden direkt und unb\u00fcrokratisch von den Verantwortlichen der Stadtidee umgesetzt.<\/p>\n\n\n\n<p><\/p>\n\n\n\n<p><strong>Mitglied werden<\/strong><\/p>\n\n\n\n<p>Auch Sie m\u00f6chten Teil der Grazer Stadtidee werden? Hinterlassen Sie uns einfach eine Nachricht. Unser Team setzt sich gerne mit Ihnen in Verbindung.<\/p>\n\n\n\n<div class=\"wp-block-contact-form-7-contact-form-selector\">\n<div class=\"wpcf7 no-js\" id=\"wpcf7-f30-o1\" lang=\"de-DE\" dir=\"ltr\" data-wpcf7-id=\"30\">\n<div class=\"screen-reader-response\"><p role=\"status\" aria-live=\"polite\" aria-atomic=\"true\"><\/p> <ul><\/ul><\/div>\n<form action=\"\/index.php\/wp-json\/wp\/v2\/pages\/2#wpcf7-f30-o1\" method=\"post\" class=\"wpcf7-form init\" aria-label=\"Kontaktformular\" novalidate=\"novalidate\" data-status=\"init\">\n<fieldset class=\"hidden-fields-container\"><input type=\"hidden\" name=\"_wpcf7\" value=\"30\" \/><input type=\"hidden\" name=\"_wpcf7_version\" value=\"6.1.4\" \/><input type=\"hidden\" name=\"_wpcf7_locale\" value=\"de_DE\" \/><input type=\"hidden\" name=\"_wpcf7_unit_tag\" value=\"wpcf7-f30-o1\" \/><input type=\"hidden\" name=\"_wpcf7_container_post\" value=\"0\" \/><input type=\"hidden\" name=\"_wpcf7_posted_data_hash\" value=\"\" \/><input type=\"hidden\" name=\"_wpcf7_recaptcha_response\" value=\"\" \/>\n<\/fieldset>\n<p><label> Dein Name<br \/>\n<span class=\"wpcf7-form-control-wrap\" data-name=\"your-name\"><input size=\"40\" maxlength=\"400\" class=\"wpcf7-form-control wpcf7-text wpcf7-validates-as-required\" aria-required=\"true\" aria-invalid=\"false\" value=\"\" type=\"text\" name=\"your-name\" \/><\/span> <\/label>\n<\/p>\n<p><label> Deine E-Mail-Adresse<br \/>\n<span class=\"wpcf7-form-control-wrap\" data-name=\"your-email\"><input size=\"40\" maxlength=\"400\" class=\"wpcf7-form-control wpcf7-email wpcf7-validates-as-required wpcf7-text wpcf7-validates-as-email\" aria-required=\"true\" aria-invalid=\"false\" value=\"\" type=\"email\" name=\"your-email\" \/><\/span> <\/label>\n<\/p>\n<p><label> Betreff<br \/>\n<span class=\"wpcf7-form-control-wrap\" data-name=\"your-subject\"><input size=\"40\" maxlength=\"400\" class=\"wpcf7-form-control wpcf7-text wpcf7-validates-as-required\" aria-required=\"true\" aria-invalid=\"false\" value=\"\" type=\"text\" name=\"your-subject\" \/><\/span> <\/label>\n<\/p>\n<p><label> Deine Nachricht (optional)<br \/>\n<span class=\"wpcf7-form-control-wrap\" data-name=\"your-message\"><textarea cols=\"40\" rows=\"10\" maxlength=\"2000\" class=\"wpcf7-form-control wpcf7-textarea\" aria-invalid=\"false\" name=\"your-message\"><\/textarea><\/span> <\/label>\n<\/p>\n<p><span class=\"wpcf7-form-control-wrap\" data-name=\"acceptance-232\"><span class=\"wpcf7-form-control wpcf7-acceptance\"><span class=\"wpcf7-list-item\"><input type=\"checkbox\" name=\"acceptance-232\" value=\"1\" aria-invalid=\"false\" \/><\/span><\/span><\/span> Zustimmung zur Datenverarbeitung durch die Grazer Stadtidee\n<\/p>\n<p><input class=\"wpcf7-form-control wpcf7-submit has-spinner\" type=\"submit\" value=\"Senden\" \/>\n<\/p><div class=\"wpcf7-response-output\" aria-hidden=\"true\"><\/div>\n<\/form>\n<\/div>\n<\/div>\n\n\n\n<p><\/p>\n","protected":false},"excerpt":{"rendered":"<p>Leben in der Stadt hei\u00dft wach sein und genie\u00dfen. Graz ist Urbanit\u00e4t im \u00fcberschaubaren Rahmen.Hier ist Stadt erlebbar. Leben findet Stadt. Die Grazer Stadtidee&nbsp;ist ein &hellip;<\/p>\n","protected":false},"author":1,"featured_media":0,"parent":0,"menu_order":0,"comment_status":"closed","ping_status":"open","template":"","meta":{"footnotes":""},"class_list":["post-2","page","type-page","status-publish","hentry"],"_links":{"self":[{"href":"https:\/\/stadtidee.at\/index.php\/wp-json\/wp\/v2\/pages\/2","targetHints":{"allow":["GET"]}}],"collection":[{"href":"https:\/\/stadtidee.at\/index.php\/wp-json\/wp\/v2\/pages"}],"about":[{"href":"https:\/\/stadtidee.at\/index.php\/wp-json\/wp\/v2\/types\/page"}],"author":[{"embeddable":true,"href":"https:\/\/stadtidee.at\/index.php\/wp-json\/wp\/v2\/users\/1"}],"replies":[{"embeddable":true,"href":"https:\/\/stadtidee.at\/index.php\/wp-json\/wp\/v2\/comments?post=2"}],"version-history":[{"count":5,"href":"https:\/\/stadtidee.at\/index.php\/wp-json\/wp\/v2\/pages\/2\/revisions"}],"predecessor-version":[{"id":37,"href":"https:\/\/stadtidee.at\/index.php\/wp-json\/wp\/v2\/pages\/2\/revisions\/37"}],"wp:attachment":[{"href":"https:\/\/stadtidee.at\/index.php\/wp-json\/wp\/v2\/media?parent=2"}],"curies":[{"name":"wp","href":"https:\/\/api.w.org\/{rel}","templated":true}]}}